51 = o. Calculate the remainder when 43 is divided by j.
13
Let c(w) = w - 6. Let m be c(8). Let t(k) = 2*k + 3 - 2*k**3 + 3*k**2 + 3*k**3 - 6*k. Calculate the remainder when 44 is divided by t(m).
14
Let r be -1 + (-3 - -2)*-5. Suppose -61 = -r*i - 9. What is the remainder when i is divided by 5?
3
Let f = -9 + 19. What is the remainder when f is divided by 7?
3
Suppose -6*c + 2*w = -c - 53, -3*c = -3*w - 39. What is the remainder when (-101)/(-6)*2 + (-2)/(-6) is divided by c?
7
Let b = -1 - -11. Suppose 0 = 3*n - b - 11. Let t(u) = 2*u**3 + u**2 + u - 2. Calculate the remainder when t(2) is divided by n.
6
Suppose 2*m - 8 = 0, 3*m - 27 = -4*f + 17. Suppose -4*u - 4*l + 8 = -f, u - 4 = 3*l. What is the remainder when u is divided by 2?
0
Suppose -73 = -3*v - 13. Calculate the remainder when 77 is divided by v.
17
Suppose -4*o - h + 19 + 54 = 0, -2*h - 41 = -3*o. What is the remainder when o is divided by (3 + -1 - -7)/1?
8
Let j = -11 + 23. What is the remainder when 70 is divided by j?
10
Suppose 2*q - 36 = -0*q. Let r(l) = l**3 + 6*l**2 + 7*l + 5. Let t be r(-5). Let j = 30 - t. Calculate the remainder when j is divided by q.
17
Suppose -31 - 176 = -3*z. Suppose n - 28 = -n. Calculate the remainder when z is divided by n.
13
Let i = -134 + 182. Calculate the remainder when 143 is divided by i.
47
Let x(v) be the first derivative of v**3/3 - 2*v**2 - 2*v - 2. Let o be x(4). Calculate the remainder when ((-1)/(-3))/(o/(-24)) is divided by 2.
0
Let c(n) = n**3 + n**2 + n + 4. Let g = 11 + -6. Suppose g*s = 4*s + 10. Calculate the remainder when s is divided by c(0).
2
Let d(z) = z**2 + 1. Let i be d(-3). Let p(r) = r**2 - 7*r - 3. What is the remainder when p(i) is divided by 15?
12
Let v = 18 - 6. What is the remainder when ((-10)/6)/(2/(-54)) is divided by v?
9
What is the remainder when (-2)/(471/159 - 3) is divided by 9?
8
Let g(h) = -h + 13. Let k be g(12). What is the remainder when 8 is divided by 2 + (2 + -1)/k?
2
Let b(s) = 24*s + 2. Let p(z) = -z**3 + 2*z**2 + 2*z + 2. Let f = 3 + -5. What is the remainder when b(1) is divided by p(f)?
12
Suppose 2*o + 8 - 54 = 2*u, o = 3*u + 23. Let w(c) = -c**3 + 5*c**2 - c - 3. Let y = 14 - 11. Calculate the remainder when o is divided by w(y).
11
Let c = 30 - -31. What is the remainder when c is divided by 22?
17
Suppose -3*d + k = -0*d - 5, -d - 2*k + 4 = 0. Suppose d*l - 7*l = -60. What is the remainder when (-24)/(-1) - (1 - -1) is divided by l?
10
Suppose 5*q - 2 = 6*q. Let k(z) = 4*z**2 - z + 1. Suppose -2*s - 44 = -4*r + 104, -5*r + 2*s = -185. What is the remainder when r is divided by k(q)?
18
Let c be 5/(50/(-12))*-25. Suppose 6 = -2*q, -m = -2*q - 2*q - c. Let l = 1 + m. What is the remainder when l is divided by 10?
9
Suppose 0 = -3*v - 2*k + 55, -5*v + 2*v + 47 = -2*k. Calculate the remainder when v is divided by 5.
2
Suppose -4*y + 35 + 0 = -3*f, -y + 5*f + 30 = 0. Suppose 3*c + 8 = 4*v + 4*c, 5*v - y*c = -15. What is the remainder when 15 is divided by (1/(-2))/(v/(-16))?
7
Let j = 35 - 6. Suppose 0 = -5*l - 4*v + 33 + 43, -5*l - v = -79. Let s = l - 6. Calculate the remainder when j is divided by s.
9
Let m(l) = -l**3 + 5*l**2 + l. Let i be m(5). Suppose 4*y + p - 47 = 0, 10*y - i*y - 80 = 3*p. Calculate the remainder when y is divided by 5.
3
Let y(u) = -3*u. Let c be y(-6). Suppose -3*x + 23 = -1. Suppose -x = -b + c. What is the remainder when b is divided by 14?
12
Suppose -26*h + 598 = -3*h. Let k = 5 + 5. Calculate the remainder when h is divided by k.
6
Let p(w) = w**2 + 4*w - 4. What is the remainder when p(3) is divided by 9?
8
Suppose -c + 5 = -4. Let v be 1*(-10)/(-4)*10. Suppose 5*g = -0*g + v. Calculate the remainder when c is divided by g.
4
Let l = 4 - 0. Let t(r) = 4*r - 4. Let y be t(l). Suppose 4*v - 3*v - y = 0. What is the remainder when 23 is divided by v?
11
Suppose 3*p + 2*s = -p + 124, p - 4*s = 22. Let h = 43 - p. Suppose 0 = 3*k + 3*d - 27 - 54, -2*k = -d - 45. What is the remainder when k is divided by h?
11
Let t = 373 - 364. Suppose 0 = -4*s + j - 0*j + 59, 5*s - 2*j - 73 = 0. Calculate the remainder when s is divided by t.
6
Let v = -340 - -486. What is the remainder when v is divided by 30?
26
Let b = -71 + 86. Calculate the remainder when 21 is divided by b.
6
Let s(y) = -y + 7. Suppose 2*x - 152 = x. Suppose -7*i + 3*i = -x. Calculate the remainder when i is divided by s(-6).
12
Suppose -j - j - 2*h = -12, 22 = j + 5*h. Suppose 0 = 4*u + 5*k + 2, 0 = 6*u - 2*u + 4*k. What is the remainder when j is divided by u?
0
Calculate the remainder when (26/(-6) + 3)*-3 + 34 is divided by 20.
18
Suppose -5*c - 19 = -39. Suppose 17 = 5*l - c*l. What is the remainder when l is divided by 9?
8
Let m = -9 + 12. Suppose -m*f = -t - 56, 2*f - 2*t = 3*t + 59. Calculate the remainder when 50 is divided by f.
16
Let f(z) = -7*z**2 + 8*z + 4. Let r(k) = 4*k**2 - 4*k - 2. Let x(p) = -3*f(p) - 5*r(p). Calculate the remainder when 27 is divided by x(6).
7
Suppose -72 = t - 5*t - d, 3*d = -4*t + 72. Suppose 3*i - 2*l - 1 = 0, -2*i + 2*l = 7*l + 12. Calculate the remainder when t is divided by 2 + (-3 - i) + 10.
8
Suppose 2*a = -9 + 15. Calculate the remainder when 10 is divided by a.
1
Let w(v) = v**3 + 5*v**2 - 4. Calculate the remainder when w(-2) is divided by 2.
0
Let o = 51 + -37. Calculate the remainder when 26 is divided by o.
12
Suppose 0 = 2*a + 2*a - 76. What is the remainder when a is divided by 0/(2 + 0) - -10?
9
Calculate the remainder when 72 is divided by 4*(-3 - 196/(-16)).
35
Let f(d) = d**2 + 2*d. Let i be f(-3). Suppose i*q + 11 = 4*y + 71, -31 = -q + 5*y. Calculate the remainder when 62 is divided by q.
14
Suppose 5*t = -0*t + 25. Let r(h) = -h**3 + 6*h**2 - 4*h + 4. Calculate the remainder when r(t) is divided by 4.
1
Suppose -13 - 1 = -t. What is the remainder when 67 is divided by t?
11
Let j = -2 + 4. Suppose 5 = -5*w + 40. What is the remainder when w is divided by j?
1
Let c(o) be the second derivative of -3*o**3/2 - 2*o**2 - 3*o. What is the remainder when 44 is divided by c(-3)?
21
Suppose 322 = 5*k - k + 2*s, -5*k + s + 385 = 0. Calculate the remainder when k is divided by 9.
6
Let n = -3 - -7. Let c(z) = 7*z**3 - z**2 + z. Let f be c(1). Let g = f + -5. Calculate the remainder when n is divided by g.
0
Suppose 7*t = 229 + 16. Calculate the remainder when 207 is divided by t.
32
Let h(c) = 6*c**3 - 2*c**2 - 7*c - 5. Let j(f) = -5*f**3 + 3*f**2 + 6*f + 6. Let m(u) = 6*h(u) + 7*j(u). Calculate the remainder when 34 is divided by m(-9).
10
Suppose 13*s - 8*s = 50. What is the remainder when s is divided by 2?
0
Suppose -114 = -4*s - z - 5, 0 = 5*s - z - 143. Let c be (s/(-6))/((-4)/(-54)). What is the remainder when 47 is divided by 4/16 - c/4?
15
Suppose 3*b - 2*b = 20. Let a = 8 + -5. Suppose -2*i = 2*i, -21 = -a*v + 3*i. What is the remainder when b is divided by v?
6
Let i be 2/(-3) + 490/15. Let c = -18 + i. What is the remainder when 53 is divided by c?
11
Let d be 1206/(-8) + 2/(-8). Let s = 236 + d. What is the remainder when s is divided by 22?
19
Let h(b) = 13*b**2 - 3*b - 2. Let c = 9 + -10. Calculate the remainder when 27 is divided by h(c).
13
Suppose 54 - 190 = -8*h. Let y = 86 - 36. Calculate the remainder when y is divided by h.
16
Let n(a) = a**3 - 8*a**2 + 6*a - 5. Let p be (-8)/(-4) - (1 - 8). Suppose 6 = h - p. Calculate the remainder when n(8) is divided by h.
13
Suppose m - 26 = -4*k + k, 2*k = 8. Let i = m + 4. Calculate the remainder when i is divided by 7.
4
Let m be ((-322)/4)/(-7)*16. Let b = m + -82. What is the remainder when b is divided by 26?
24
Let p(t) = -25*t**3 - t**2 - t + 1. Let x be p(1). What is the remainder when 50 is divided by (x/(-4))/((-1)/(-2))?
11
Let v(r) = r**2 + 14*r + 17. Let s be v(-13). Suppose p + 33 = s*p. Calculate the remainder when 41 is divided by p.
8
Suppose -4*a = -2*a - 32. Calculate the remainder when 45 + -2 + (-8)/(-2) is divided by a.
15
Let v = 24 - 7. Let s be ((-46)/(-4))/((-1)/2). Let t = -14 - s. Calculate the remainder when v is divided by t.
8
Let d(t) = t**3 - 5*t**2 + 4*t + 8. Let c(m) = m**2 + 7*m + 9. Calculate the remainder when d(4) is divided by c(-6).
2
Let f(r) = -r**2 - 7*r - 3. Calculate the remainder when 2/3 - (-64)/12 is divided by f(-6).
0
Suppose -l = -